{"id":257,"date":"2025-10-21T17:49:28","date_gmt":"2025-10-21T15:49:28","guid":{"rendered":"https:\/\/llggeneticsseedsbank.com\/?post_type=product&#038;p=257"},"modified":"2025-10-21T17:54:26","modified_gmt":"2025-10-21T15:54:26","slug":"gelato-45-top-sweet-fruits-llg","status":"publish","type":"product","link":"https:\/\/llggeneticsseedsbank.com\/index.php\/producto\/gelato-45-top-sweet-fruits-llg\/","title":{"rendered":"Gelato 45 Top Sweet Fruits LLG"},"content":{"rendered":"<p><strong>Gelato 45 Top Sweet Fruits LLG: Thin Mint Girl Scout Cookies x Sunset Sherbert<\/strong><br \/>\nOrigen: Cookie Fam Genetics, San Francisco. + KSK.<br \/>\nFenotipo: H\u00edbrido. Predominancia Sativa. Indica 30\/70 Sativa.<br \/>\nTipos de semilla: Feminizada.<br \/>\nCultivo: Interior\/Exterior.<br \/>\nProducci\u00f3n interior: 56-70 Dias. Produccion aceptable.<br \/>\nProducci\u00f3n exterior: Mediados de octubre. Produccion aceptable.<br \/>\nSabor: Predominante a c\u00edtricos picantes, tambi\u00e9n se pueden detectar notas de levadura y masa. Perfil herb\u00e1ceo y terroso.<br \/>\nEfecto: Desde el punto de vista m\u00e9dico, Gelato tiene valor como una forma de tratar los dolores y molestias cr\u00f3nicas con sus potentes efectos anest\u00e9sicos. Algunos lo usan para medicar dolores de cabeza y migra\u00f1as tambi\u00e9n. La elevaci\u00f3n despreocupada del estado de \u00e1nimo de esta cepa tambi\u00e9n puede ofrecer alivio temporal de los s\u00edntomas preocupantes asociados con la ansiedad, la depresi\u00f3n y el TEPT.<\/p>\n","protected":false},"excerpt":{"rendered":"<p><strong>Gelato 45 Top Sweet Fruits LLG: Thin Mint Girl Scout Cookies x Sunset Sherbert<\/strong><\/p>\n","protected":false},"featured_media":267,"comment_status":"open","ping_status":"closed","template":"","meta":{"_joinchat":[]},"product_brand":[],"product_cat":[15],"product_tag":[],"class_list":{"0":"post-257","1":"product","2":"type-product","3":"status-publish","4":"has-post-thumbnail","6":"product_cat-sin-categorizar","8":"first","9":"instock","10":"taxable","11":"shipping-taxable","12":"purchasable","13":"product-type-variable"},"yoast_head":"<!-- This site is optimized with the Yoast SEO Premium plugin v25.4 (Yoast SEO v27.5) - https:\/\/yoast.com\/product\/yoast-seo-premium-wordpress\/ -->\n<title>Gelato 45 Top Sweet Fruits LLG - Llamas Grow Genetics Seeds Bank<\/title>\n<meta name=\"robots\" content=\"index, follow, max-snippet:-1, max-image-preview:large, max-video-preview:-1\" \/>\n<link rel=\"canonical\" href=\"https:\/\/llggeneticsseedsbank.com\/index.php\/producto\/gelato-45-top-sweet-fruits-llg\/\" \/>\n<meta property=\"og:locale\" content=\"es_ES\" \/>\n<meta property=\"og:type\" content=\"article\" \/>\n<meta property=\"og:title\" content=\"Gelato 45 Top Sweet Fruits LLG\" \/>\n<meta property=\"og:description\" content=\"Gelato 45 Top Sweet Fruits LLG: Thin Mint Girl Scout Cookies x Sunset Sherbert\" \/>\n<meta property=\"og:url\" content=\"https:\/\/llggeneticsseedsbank.com\/index.php\/producto\/gelato-45-top-sweet-fruits-llg\/\" \/>\n<meta property=\"og:site_name\" content=\"Llamas Grow Genetics Seeds Bank\" \/>\n<meta property=\"article:modified_time\" content=\"2025-10-21T15:54:26+00:00\" \/>\n<meta property=\"og:image\" content=\"https:\/\/llggeneticsseedsbank.com\/wp-content\/uploads\/2025\/10\/Gelato-45-Top-Sweet-Fruits-LLG.jpg\" \/>\n\t<meta property=\"og:image:width\" content=\"288\" \/>\n\t<meta property=\"og:image:height\" content=\"282\" \/>\n\t<meta property=\"og:image:type\" content=\"image\/jpeg\" \/>\n<meta name=\"twitter:card\" content=\"summary_large_image\" \/>\n<meta name=\"twitter:label1\" content=\"Tiempo de lectura\" \/>\n\t<meta name=\"twitter:data1\" content=\"1 minuto\" \/>\n<script type=\"application\/ld+json\" class=\"yoast-schema-graph\">{\"@context\":\"https:\\\/\\\/schema.org\",\"@graph\":[{\"@type\":\"WebPage\",\"@id\":\"https:\\\/\\\/llggeneticsseedsbank.com\\\/index.php\\\/producto\\\/gelato-45-top-sweet-fruits-llg\\\/\",\"url\":\"https:\\\/\\\/llggeneticsseedsbank.com\\\/index.php\\\/producto\\\/gelato-45-top-sweet-fruits-llg\\\/\",\"name\":\"Gelato 45 Top Sweet Fruits LLG - Llamas Grow Genetics Seeds Bank\",\"isPartOf\":{\"@id\":\"https:\\\/\\\/llggeneticsseedsbank.com\\\/#website\"},\"primaryImageOfPage\":{\"@id\":\"https:\\\/\\\/llggeneticsseedsbank.com\\\/index.php\\\/producto\\\/gelato-45-top-sweet-fruits-llg\\\/#primaryimage\"},\"image\":{\"@id\":\"https:\\\/\\\/llggeneticsseedsbank.com\\\/index.php\\\/producto\\\/gelato-45-top-sweet-fruits-llg\\\/#primaryimage\"},\"thumbnailUrl\":\"https:\\\/\\\/llggeneticsseedsbank.com\\\/wp-content\\\/uploads\\\/2025\\\/10\\\/Gelato-45-Top-Sweet-Fruits-LLG.jpg\",\"datePublished\":\"2025-10-21T15:49:28+00:00\",\"dateModified\":\"2025-10-21T15:54:26+00:00\",\"breadcrumb\":{\"@id\":\"https:\\\/\\\/llggeneticsseedsbank.com\\\/index.php\\\/producto\\\/gelato-45-top-sweet-fruits-llg\\\/#breadcrumb\"},\"inLanguage\":\"es\",\"potentialAction\":[{\"@type\":\"ReadAction\",\"target\":[\"https:\\\/\\\/llggeneticsseedsbank.com\\\/index.php\\\/producto\\\/gelato-45-top-sweet-fruits-llg\\\/\"]}]},{\"@type\":\"ImageObject\",\"inLanguage\":\"es\",\"@id\":\"https:\\\/\\\/llggeneticsseedsbank.com\\\/index.php\\\/producto\\\/gelato-45-top-sweet-fruits-llg\\\/#primaryimage\",\"url\":\"https:\\\/\\\/llggeneticsseedsbank.com\\\/wp-content\\\/uploads\\\/2025\\\/10\\\/Gelato-45-Top-Sweet-Fruits-LLG.jpg\",\"contentUrl\":\"https:\\\/\\\/llggeneticsseedsbank.com\\\/wp-content\\\/uploads\\\/2025\\\/10\\\/Gelato-45-Top-Sweet-Fruits-LLG.jpg\",\"width\":288,\"height\":282},{\"@type\":\"BreadcrumbList\",\"@id\":\"https:\\\/\\\/llggeneticsseedsbank.com\\\/index.php\\\/producto\\\/gelato-45-top-sweet-fruits-llg\\\/#breadcrumb\",\"itemListElement\":[{\"@type\":\"ListItem\",\"position\":1,\"name\":\"Portada\",\"item\":\"https:\\\/\\\/llggeneticsseedsbank.com\\\/\"},{\"@type\":\"ListItem\",\"position\":2,\"name\":\"Tienda\",\"item\":\"https:\\\/\\\/llggeneticsseedsbank.com\\\/index.php\\\/tienda\\\/\"},{\"@type\":\"ListItem\",\"position\":3,\"name\":\"Gelato 45 Top Sweet Fruits LLG\"}]},{\"@type\":\"WebSite\",\"@id\":\"https:\\\/\\\/llggeneticsseedsbank.com\\\/#website\",\"url\":\"https:\\\/\\\/llggeneticsseedsbank.com\\\/\",\"name\":\"Llamas Grow Genetics Seeds Bank\",\"description\":\"Gen\u00e9ticas exclusivas\",\"potentialAction\":[{\"@type\":\"SearchAction\",\"target\":{\"@type\":\"EntryPoint\",\"urlTemplate\":\"https:\\\/\\\/llggeneticsseedsbank.com\\\/?s={search_term_string}\"},\"query-input\":{\"@type\":\"PropertyValueSpecification\",\"valueRequired\":true,\"valueName\":\"search_term_string\"}}],\"inLanguage\":\"es\"}]}<\/script>\n<!-- \/ Yoast SEO Premium plugin. -->","yoast_head_json":{"title":"Gelato 45 Top Sweet Fruits LLG - Llamas Grow Genetics Seeds Bank","robots":{"index":"index","follow":"follow","max-snippet":"max-snippet:-1","max-image-preview":"max-image-preview:large","max-video-preview":"max-video-preview:-1"},"canonical":"https:\/\/llggeneticsseedsbank.com\/index.php\/producto\/gelato-45-top-sweet-fruits-llg\/","og_locale":"es_ES","og_type":"article","og_title":"Gelato 45 Top Sweet Fruits LLG","og_description":"Gelato 45 Top Sweet Fruits LLG: Thin Mint Girl Scout Cookies x Sunset Sherbert","og_url":"https:\/\/llggeneticsseedsbank.com\/index.php\/producto\/gelato-45-top-sweet-fruits-llg\/","og_site_name":"Llamas Grow Genetics Seeds Bank","article_modified_time":"2025-10-21T15:54:26+00:00","og_image":[{"width":288,"height":282,"url":"https:\/\/llggeneticsseedsbank.com\/wp-content\/uploads\/2025\/10\/Gelato-45-Top-Sweet-Fruits-LLG.jpg","type":"image\/jpeg"}],"twitter_card":"summary_large_image","twitter_misc":{"Tiempo de lectura":"1 minuto"},"schema":{"@context":"https:\/\/schema.org","@graph":[{"@type":"WebPage","@id":"https:\/\/llggeneticsseedsbank.com\/index.php\/producto\/gelato-45-top-sweet-fruits-llg\/","url":"https:\/\/llggeneticsseedsbank.com\/index.php\/producto\/gelato-45-top-sweet-fruits-llg\/","name":"Gelato 45 Top Sweet Fruits LLG - Llamas Grow Genetics Seeds Bank","isPartOf":{"@id":"https:\/\/llggeneticsseedsbank.com\/#website"},"primaryImageOfPage":{"@id":"https:\/\/llggeneticsseedsbank.com\/index.php\/producto\/gelato-45-top-sweet-fruits-llg\/#primaryimage"},"image":{"@id":"https:\/\/llggeneticsseedsbank.com\/index.php\/producto\/gelato-45-top-sweet-fruits-llg\/#primaryimage"},"thumbnailUrl":"https:\/\/llggeneticsseedsbank.com\/wp-content\/uploads\/2025\/10\/Gelato-45-Top-Sweet-Fruits-LLG.jpg","datePublished":"2025-10-21T15:49:28+00:00","dateModified":"2025-10-21T15:54:26+00:00","breadcrumb":{"@id":"https:\/\/llggeneticsseedsbank.com\/index.php\/producto\/gelato-45-top-sweet-fruits-llg\/#breadcrumb"},"inLanguage":"es","potentialAction":[{"@type":"ReadAction","target":["https:\/\/llggeneticsseedsbank.com\/index.php\/producto\/gelato-45-top-sweet-fruits-llg\/"]}]},{"@type":"ImageObject","inLanguage":"es","@id":"https:\/\/llggeneticsseedsbank.com\/index.php\/producto\/gelato-45-top-sweet-fruits-llg\/#primaryimage","url":"https:\/\/llggeneticsseedsbank.com\/wp-content\/uploads\/2025\/10\/Gelato-45-Top-Sweet-Fruits-LLG.jpg","contentUrl":"https:\/\/llggeneticsseedsbank.com\/wp-content\/uploads\/2025\/10\/Gelato-45-Top-Sweet-Fruits-LLG.jpg","width":288,"height":282},{"@type":"BreadcrumbList","@id":"https:\/\/llggeneticsseedsbank.com\/index.php\/producto\/gelato-45-top-sweet-fruits-llg\/#breadcrumb","itemListElement":[{"@type":"ListItem","position":1,"name":"Portada","item":"https:\/\/llggeneticsseedsbank.com\/"},{"@type":"ListItem","position":2,"name":"Tienda","item":"https:\/\/llggeneticsseedsbank.com\/index.php\/tienda\/"},{"@type":"ListItem","position":3,"name":"Gelato 45 Top Sweet Fruits LLG"}]},{"@type":"WebSite","@id":"https:\/\/llggeneticsseedsbank.com\/#website","url":"https:\/\/llggeneticsseedsbank.com\/","name":"Llamas Grow Genetics Seeds Bank","description":"Gen\u00e9ticas exclusivas","potentialAction":[{"@type":"SearchAction","target":{"@type":"EntryPoint","urlTemplate":"https:\/\/llggeneticsseedsbank.com\/?s={search_term_string}"},"query-input":{"@type":"PropertyValueSpecification","valueRequired":true,"valueName":"search_term_string"}}],"inLanguage":"es"}]}},"_links":{"self":[{"href":"https:\/\/llggeneticsseedsbank.com\/index.php\/wp-json\/wp\/v2\/product\/257","targetHints":{"allow":["GET"]}}],"collection":[{"href":"https:\/\/llggeneticsseedsbank.com\/index.php\/wp-json\/wp\/v2\/product"}],"about":[{"href":"https:\/\/llggeneticsseedsbank.com\/index.php\/wp-json\/wp\/v2\/types\/product"}],"replies":[{"embeddable":true,"href":"https:\/\/llggeneticsseedsbank.com\/index.php\/wp-json\/wp\/v2\/comments?post=257"}],"wp:featuredmedia":[{"embeddable":true,"href":"https:\/\/llggeneticsseedsbank.com\/index.php\/wp-json\/wp\/v2\/media\/267"}],"wp:attachment":[{"href":"https:\/\/llggeneticsseedsbank.com\/index.php\/wp-json\/wp\/v2\/media?parent=257"}],"wp:term":[{"taxonomy":"product_brand","embeddable":true,"href":"https:\/\/llggeneticsseedsbank.com\/index.php\/wp-json\/wp\/v2\/product_brand?post=257"},{"taxonomy":"product_cat","embeddable":true,"href":"https:\/\/llggeneticsseedsbank.com\/index.php\/wp-json\/wp\/v2\/product_cat?post=257"},{"taxonomy":"product_tag","embeddable":true,"href":"https:\/\/llggeneticsseedsbank.com\/index.php\/wp-json\/wp\/v2\/product_tag?post=257"}],"curies":[{"name":"wp","href":"https:\/\/api.w.org\/{rel}","templated":true}]}}